{"id":1258,"date":"2021-04-02T10:05:58","date_gmt":"2021-04-02T10:05:58","guid":{"rendered":"http:\/\/beindalsholt.is\/beindalsholt\/?page_id=1258"},"modified":"2021-04-19T21:31:10","modified_gmt":"2021-04-19T21:31:10","slug":"location","status":"publish","type":"page","link":"http:\/\/beindalsholt.is\/beindalsholt\/location\/","title":{"rendered":"Location"},"content":{"rendered":"\n<p class=\"has-medium-font-size\"><strong>About the place and it&#8217;s surroundings<\/strong><\/p>\n\n\n\n<p>Beindalsholt is located in the southern part of Iceland, in Rang\u00e1r\u00feing-Ytra, right next to Hella. Beindalsholt is very peaceful and quiet and the view of the surrounding countryside is spectacular. From Beindalsholt you can see many examples of Iceland&#8217;s wonderful nature, like the volcanoes Hekla and Eyjafjallaj\u00f6kull, Vestmannaeyjar, Tindfj\u00f6ll, \u00der\u00edhyrningur and more. From Beindalsholt it&#8217;s a short drive to the nearest service which is at Landvegam\u00f3t, Hella, Hvolsv\u00f6llur and Selfoss.\u00a0<\/p>\n\n\n\n<p>A variety of entertainment can be found near, for example like horseback riding, swimming pools, ATV tours, jeep tours and much more.<\/p>\n\n\n\n<p>Beindalsholt is in a very convenient location to explore the south of Iceland, for example to Landmannalaugar, \u00de\u00f3rsm\u00f6rk, Almannagj\u00e1 in \u00deingvellir, Vestmannaeyjar, St\u00f6ng in \u00dej\u00f3rs\u00e1rdal and many more.<\/p>\n\n\n\n<p>In the wintertime you might even get lucky enough to see the northern lights at night, when they completely light up the sky in beautiful green and purple.&nbsp;<\/p>\n\n\n\nngg_shortcode_0_placeholder\n\n\n\n<p class=\"has-text-align-center has-medium-font-size\"><strong>Beindalsholt, 851 Hella<\/strong><\/p>\n\n\n<div id=\"wpgmza_map\" class=\"wpgmza_map\" data-settings='{\"id\":\"1\",\"map_title\":\"Beindalsholt\",\"map_width\":\"100\",\"map_height\":\"400\",\"map_start_lat\":\"63.889910572664576\",\"map_start_lng\":\"-20.68307771180772\",\"map_start_location\":\"45.950464398418106,-109.81550500000003\",\"map_start_zoom\":\"9\",\"default_marker\":\"\",\"type\":\"0\",\"alignment\":\"4\",\"directions_enabled\":\"0\",\"styling_enabled\":\"0\",\"styling_json\":\"\",\"active\":\"0\",\"kml\":\"\",\"bicycle\":\"0\",\"traffic\":\"0\",\"dbox\":\"0\",\"dbox_width\":\"\",\"listmarkers\":\"0\",\"listmarkers_advanced\":\"0\",\"filterbycat\":\"0\",\"ugm_enabled\":\"0\",\"ugm_category_enabled\":\"0\",\"fusion\":\"\",\"map_width_type\":\"%\",\"map_height_type\":\"px\",\"mass_marker_support\":\"0\",\"ugm_access\":\"0\",\"order_markers_by\":\"0\",\"order_markers_choice\":\"0\",\"show_user_location\":\"0\",\"default_to\":\"\",\"other_settings\":{\"map_type\":1,\"sl_stroke_color\":\"\",\"sl_fill_color\":\"\",\"sl_stroke_opacity\":\"\",\"sl_fill_opacity\":\"\",\"transport_layer\":false,\"action\":\"wpgmza_save_map\",\"redirect_to\":\"\\\/beindalsholt\\\/wp-admin\\\/admin-post.php\",\"map_id\":\"1\",\"http_referer\":\"\\\/beindalsholt\\\/wp-admin\\\/admin.php?page=wp-google-maps-menu&amp;override=1&amp;action=edit&amp;map_id=1\",\"wpgmza_id\":\"1\",\"wpgmza_start_location\":\"63.889910572664576,-20.68307771180772\",\"wpgmza_start_zoom\":\"9\",\"store_locator_enabled\":false,\"store_locator_search_area\":\"radial\",\"wpgmza_store_locator_radius_style\":\"legacy\",\"wpgmza_store_locator_default_radius\":\"10\",\"store_locator_auto_area_max_zoom\":\"\",\"store_locator_distance\":false,\"wpgmza_store_locator_position\":false,\"store_locator_category\":false,\"wpgmza_store_locator_use_their_location\":false,\"wpgmza_store_locator_bounce\":false,\"wpgmza_sl_animation\":null,\"wpgmza_store_locator_hide_before_search\":false,\"store_locator_query_string\":\"\",\"store_locator_default_address\":\"\",\"store_locator_name_search\":false,\"store_locator_name_string\":\"\",\"store_locator_not_found_message\":\"\",\"wpgmza_map_align\":\"1\",\"jump_to_nearest_marker_on_initialization\":false,\"automatically_pan_to_users_location\":false,\"override_users_location_zoom_level\":false,\"override_users_location_zoom_levels\":\"\",\"show_distance_from_location\":false,\"map_max_zoom\":\"21\",\"map_min_zoom\":\"0\",\"click_open_link\":false,\"fit_maps_bounds_to_markers\":false,\"fit_maps_bounds_to_markers_after_filtering\":false,\"hide_point_of_interest\":false,\"wpgmza_zoom_on_marker_click\":false,\"wpgmza_zoom_on_marker_click_slider\":\"\",\"close_infowindow_on_map_click\":false,\"disable_lightbox_images\":false,\"use_Raw_Jpeg_Coordinates\":false,\"polygon_labels\":false,\"disable_polygon_info_windows\":false,\"enable_marker_ratings\":false,\"only_load_markers_within_viewport\":false,\"iw_primary_color\":\"\",\"iw_accent_color\":\"\",\"iw_text_color\":\"\",\"wpgmza_listmarkers_by\":\"0\",\"wpgmza_marker_listing_position\":false,\"datatable_no_result_message\":\"\",\"remove_search_box_datables\":false,\"dataTable_pagination_style\":null,\"datatable_search_string\":\"\",\"datatable_result_start\":\"\",\"datatable_result_of\":\"\",\"datatable_result_to\":\"\",\"datatable_result_total\":\"\",\"datatable_result_show\":\"\",\"datatable_result_entries\":\"\",\"wpgmza_savemap\":\"Save Map \\u00bb\"}}' data-map-id='1' Data-maps-engine='open-layers' data-shortcode-attributes='{\"id\":\"1\"}' style=\"display:block; overflow:auto; width:100%; height:400px; float:left;\"><\/div>","protected":false},"excerpt":{"rendered":"<p>About the place and it&#8217;s surroundings Beindalsholt is located in the southern part of Iceland, in Rang\u00e1r\u00feing-Ytra, right next to Hella. Beindalsholt is very peaceful and quiet and the view of the surrounding countryside is spectacular. From Beindalsholt you can see many examples of Iceland&#8217;s wonderful nature, like the volcanoes Hekla and Eyjafjallaj\u00f6kull, Vestmannaeyjar, Tindfj\u00f6ll, [&hellip;]<\/p>\n","protected":false},"author":1,"featured_media":0,"parent":0,"menu_order":0,"comment_status":"closed","ping_status":"closed","template":"","meta":{"ngg_post_thumbnail":0},"_links":{"self":[{"href":"http:\/\/beindalsholt.is\/beindalsholt\/wp-json\/wp\/v2\/pages\/1258"}],"collection":[{"href":"http:\/\/beindalsholt.is\/beindalsholt\/wp-json\/wp\/v2\/pages"}],"about":[{"href":"http:\/\/beindalsholt.is\/beindalsholt\/wp-json\/wp\/v2\/types\/page"}],"author":[{"embeddable":true,"href":"http:\/\/beindalsholt.is\/beindalsholt\/wp-json\/wp\/v2\/users\/1"}],"replies":[{"embeddable":true,"href":"http:\/\/beindalsholt.is\/beindalsholt\/wp-json\/wp\/v2\/comments?post=1258"}],"version-history":[{"count":4,"href":"http:\/\/beindalsholt.is\/beindalsholt\/wp-json\/wp\/v2\/pages\/1258\/revisions"}],"predecessor-version":[{"id":1283,"href":"http:\/\/beindalsholt.is\/beindalsholt\/wp-json\/wp\/v2\/pages\/1258\/revisions\/1283"}],"wp:attachment":[{"href":"http:\/\/beindalsholt.is\/beindalsholt\/wp-json\/wp\/v2\/media?parent=1258"}],"curies":[{"name":"wp","href":"https:\/\/api.w.org\/{rel}","templated":true}]}}