{"id":8,"date":"2020-12-01T10:25:19","date_gmt":"2020-12-01T10:25:19","guid":{"rendered":"http:\/\/beindalsholt.is\/beindalsholt\/colibri-wp\/"},"modified":"2021-04-19T21:51:43","modified_gmt":"2021-04-19T21:51:43","slug":"colibri-wp","status":"publish","type":"page","link":"https:\/\/beindalsholt.is\/beindalsholt\/","title":{"rendered":"Home"},"content":{"rendered":"<div data-colibri-id=\"8-c1\" class=\"style-318 style-local-8-c1 position-relative\">\n  <!---->\n  <div data-colibri-component=\"section\" data-colibri-id=\"8-c2\" id=\"about\" class=\"h-section h-section-global-spacing d-flex align-items-lg-center align-items-md-center align-items-center style-352 style-local-8-c2 position-relative\">\n    <!---->\n    <!---->\n    <div class=\"h-section-grid-container h-section-boxed-container\">\n      <!---->\n      <div data-colibri-id=\"8-c3\" class=\"h-row-container gutters-row-lg-2 gutters-row-md-2 gutters-row-2 gutters-row-v-lg-2 gutters-row-v-md-2 gutters-row-v-2 style-353 style-local-8-c3 position-relative\">\n        <!---->\n        <div class=\"h-row justify-content-lg-center justify-content-md-center justify-content-center align-items-lg-stretch align-items-md-stretch align-items-stretch gutters-col-lg-2 gutters-col-md-2 gutters-col-2 gutters-col-v-lg-2 gutters-col-v-md-2 gutters-col-v-2\">\n          <!---->\n          <div class=\"h-column h-column-container d-flex h-col-lg-auto h-col-md-auto h-col-auto style-354-outer style-local-8-c4-outer\">\n            <div data-colibri-id=\"8-c4\" class=\"d-flex h-flex-basis h-column__inner h-px-lg-2 h-px-md-2 h-px-2 v-inner-lg-2 v-inner-md-2 v-inner-2 style-354 style-local-8-c4 position-relative\">\n              <!---->\n              <!---->\n              <div class=\"w-100 h-y-container h-column__content h-column__v-align flex-basis-100 align-self-lg-center align-self-md-center align-self-center\">\n                <!---->\n                <div data-colibri-id=\"8-c5\" class=\"h-global-transition-all h-heading style-355 style-local-8-c5 position-relative h-element\">\n                  <!---->\n                  <div class=\"h-heading__outer style-355 style-local-8-c5\">\n                    <!---->\n                    <!---->\n                    <h5 class=\"\">What do we offer?<\/h5>\n                  <\/div>\n                <\/div>\n                <div data-colibri-id=\"8-c6\" class=\"h-global-transition-all h-heading style-356 style-local-8-c6 position-relative h-element\">\n                  <!---->\n                  <div class=\"h-heading__outer style-356 style-local-8-c6\">\n                    <!---->\n                    <!---->\n                    <h2 class=\"\">We offer cozy cottages with an amazing view.<\/h2>\n                  <\/div>\n                <\/div>\n                <div data-colibri-id=\"8-c7\" class=\"h-text h-text-component style-357 style-local-8-c7 position-relative h-element\">\n                  <!---->\n                  <!---->\n                  <div class=\"\">\n                    <p>&nbsp;Our cottages include a small bathroom with a shower, a small&nbsp;&nbsp;kitchen and a patio. Each cottage has room for three to four people. The view is mesmerizing.<\/p>\n                  <\/div>\n                <\/div>\n                <div data-colibri-id=\"8-c8\" class=\"h-x-container style-358 style-local-8-c8 position-relative h-element\">\n                  <!---->\n                  <div class=\"h-x-container-inner style-dynamic-8-c8-group style-358-spacing style-local-8-c8-spacing\"><span class=\"h-button__outer style-359-outer style-local-8-c9-outer d-inline-flex h-element\"><a h-use-smooth-scroll=\"true\" href=\"http:\/\/beindalsholt.is\/beindalsholt\/what-we-offer\/\"  data-colibri-id=\"8-c9\" class=\"d-flex w-100 align-items-center h-button justify-content-lg-center justify-content-md-center justify-content-center style-359 style-local-8-c9 position-relative\"><!----><!----> <span>read more<\/span><\/a>\n                    <\/span>\n                  <\/div>\n                <\/div>\n              <\/div>\n            <\/div>\n          <\/div>\n          <div class=\"h-column h-column-container d-flex h-col-lg-auto h-col-md-auto h-col-auto style-360-outer style-local-8-c10-outer\">\n            <div data-colibri-id=\"8-c10\" class=\"d-flex h-flex-basis h-column__inner h-px-lg-2 h-px-md-2 h-px-2 v-inner-lg-2 v-inner-md-2 v-inner-2 style-360 style-local-8-c10 position-relative\">\n              <!---->\n              <!---->\n              <div class=\"w-100 h-y-container h-column__content h-column__v-align flex-basis-100 align-self-lg-center align-self-md-center align-self-center\">\n                <!---->\n                <div data-colibri-id=\"8-c11\" class=\"d-block style-361 style-local-8-c11 position-relative h-element\">\n                  <!---->\n                  <div class=\"h-image__frame-container-outer\">\n                    <div class=\"h-image__frame-container\">\n                      <!---->\n                      <!---->\n                      <img decoding=\"async\" width=\"2249\" height=\"1527\" src=\"http:\/\/beindalsholt.is\/beindalsholt\/wp-content\/uploads\/2021\/01\/cropped-Photo-31.1.2021-15-09-33-scaled-3.jpg\" class=\"wp-image-969 style-361-image style-local-8-c11-image\" srcset=\"https:\/\/beindalsholt.is\/beindalsholt\/wp-content\/uploads\/2021\/01\/cropped-Photo-31.1.2021-15-09-33-scaled-3.jpg 2249w, https:\/\/beindalsholt.is\/beindalsholt\/wp-content\/uploads\/2021\/01\/cropped-Photo-31.1.2021-15-09-33-scaled-3-300x204.jpg 300w, https:\/\/beindalsholt.is\/beindalsholt\/wp-content\/uploads\/2021\/01\/cropped-Photo-31.1.2021-15-09-33-scaled-3-1024x695.jpg 1024w, https:\/\/beindalsholt.is\/beindalsholt\/wp-content\/uploads\/2021\/01\/cropped-Photo-31.1.2021-15-09-33-scaled-3-768x521.jpg 768w, https:\/\/beindalsholt.is\/beindalsholt\/wp-content\/uploads\/2021\/01\/cropped-Photo-31.1.2021-15-09-33-scaled-3-1536x1043.jpg 1536w, https:\/\/beindalsholt.is\/beindalsholt\/wp-content\/uploads\/2021\/01\/cropped-Photo-31.1.2021-15-09-33-scaled-3-2048x1391.jpg 2048w\" sizes=\"(max-width: 2249px) 100vw, 2249px\" alt=\"\" \/>\n                      <div class=\"h-image__frame h-hide-sm style-361-frameImage style-local-8-c11-frameImage\"><\/div>\n                    <\/div>\n                  <\/div>\n                <\/div>\n              <\/div>\n            <\/div>\n          <\/div>\n        <\/div>\n      <\/div>\n    <\/div>\n  <\/div>\n  <div data-colibri-component=\"section\" data-colibri-id=\"8-c12\" id=\"content\" class=\"h-section h-section-global-spacing d-flex align-items-lg-center align-items-md-center align-items-center style-362 style-local-8-c12 position-relative\">\n    <!---->\n    <!---->\n    <div class=\"h-section-grid-container h-section-boxed-container\">\n      <!---->\n      <div data-colibri-id=\"8-c13\" class=\"h-row-container gutters-row-lg-2 gutters-row-md-2 gutters-row-2 gutters-row-v-lg-2 gutters-row-v-md-2 gutters-row-v-2 style-363 style-local-8-c13 position-relative\">\n        <!---->\n        <div class=\"h-row justify-content-lg-center justify-content-md-center justify-content-center align-items-lg-stretch align-items-md-stretch align-items-stretch gutters-col-lg-2 gutters-col-md-2 gutters-col-2 gutters-col-v-lg-2 gutters-col-v-md-2 gutters-col-v-2\">\n          <!---->\n          <div class=\"h-column h-column-container d-flex h-col-lg-auto h-col-md-auto h-col-auto style-364-outer style-local-8-c14-outer\">\n            <div data-colibri-id=\"8-c14\" class=\"d-flex h-flex-basis h-column__inner h-px-lg-0 h-px-md-2 h-px-0 v-inner-lg-0 v-inner-md-2 v-inner-0 style-364 style-local-8-c14 position-relative\">\n              <!---->\n              <!---->\n              <div class=\"w-100 h-y-container h-column__content h-column__v-align flex-basis-100 align-self-lg-center align-self-md-center align-self-center\">\n                <!---->\n                <div data-colibri-id=\"8-c15\" class=\"d-block style-365 style-local-8-c15 position-relative h-element\">\n                  <!---->\n                  <div class=\"h-image__frame-container-outer\">\n                    <div class=\"h-image__frame-container\">\n                      <!---->\n                      <!---->\n                      <img decoding=\"async\" width=\"2231\" height=\"1610\" src=\"http:\/\/beindalsholt.is\/beindalsholt\/wp-content\/uploads\/2020\/12\/cropped-Photo-23.10.2020-20-58-02-scaled-1.jpg\" class=\"wp-image-433 style-365-image style-local-8-c15-image\" srcset=\"https:\/\/beindalsholt.is\/beindalsholt\/wp-content\/uploads\/2020\/12\/cropped-Photo-23.10.2020-20-58-02-scaled-1.jpg 2231w, https:\/\/beindalsholt.is\/beindalsholt\/wp-content\/uploads\/2020\/12\/cropped-Photo-23.10.2020-20-58-02-scaled-1-300x216.jpg 300w, https:\/\/beindalsholt.is\/beindalsholt\/wp-content\/uploads\/2020\/12\/cropped-Photo-23.10.2020-20-58-02-scaled-1-1024x739.jpg 1024w, https:\/\/beindalsholt.is\/beindalsholt\/wp-content\/uploads\/2020\/12\/cropped-Photo-23.10.2020-20-58-02-scaled-1-768x554.jpg 768w, https:\/\/beindalsholt.is\/beindalsholt\/wp-content\/uploads\/2020\/12\/cropped-Photo-23.10.2020-20-58-02-scaled-1-1536x1108.jpg 1536w, https:\/\/beindalsholt.is\/beindalsholt\/wp-content\/uploads\/2020\/12\/cropped-Photo-23.10.2020-20-58-02-scaled-1-2048x1478.jpg 2048w\" sizes=\"(max-width: 2231px) 100vw, 2231px\" alt=\"\" \/>\n                      <div class=\"h-image__frame h-hide-sm style-365-frameImage style-local-8-c15-frameImage\"><\/div>\n                    <\/div>\n                  <\/div>\n                <\/div>\n              <\/div>\n            <\/div>\n          <\/div>\n          <div class=\"h-column h-column-container d-flex h-col-lg-auto h-col-md-auto h-col-auto style-366-outer style-local-8-c16-outer\">\n            <div data-colibri-id=\"8-c16\" class=\"d-flex h-flex-basis h-column__inner h-px-lg-0 h-px-md-0 h-px-2 v-inner-lg-0 v-inner-md-0 v-inner-2 style-366 style-local-8-c16 position-relative\">\n              <!---->\n              <!---->\n              <div class=\"w-100 h-y-container h-column__content h-column__v-align flex-basis-100 align-self-lg-center align-self-md-center align-self-center\">\n                <!---->\n                <div data-colibri-id=\"8-c17\" class=\"h-global-transition-all h-heading style-367 style-local-8-c17 position-relative h-element\">\n                  <!---->\n                  <div class=\"h-heading__outer style-367 style-local-8-c17\">\n                    <!---->\n                    <!---->\n                    <h3 class=\"\">Magnificent view in every direction!<\/h3>\n                  <\/div>\n                <\/div>\n                <div data-colibri-id=\"8-c18\" class=\"h-text h-text-component style-368 style-local-8-c18 position-relative h-element\">\n                  <!---->\n                  <!---->\n                  <div class=\"\">\n                    <p>From the cottages you can see Hekla the volcano, &nbsp;Tindfj\u00f6ll, Vestmannaeyjar, Eyjafjallaj\u00f6kull and \u00der\u00edhyrningur. If you&#8217;re lucky enough then maybe you&#8217;ll see the Northern lights in all it&#8217;s glory.&nbsp;&nbsp;<\/p>\n                  <\/div>\n                <\/div>\n                <div data-colibri-id=\"8-c19\" class=\"h-x-container style-369 style-local-8-c19 position-relative h-element\">\n                  <!---->\n                  <div class=\"h-x-container-inner style-dynamic-8-c19-group style-369-spacing style-local-8-c19-spacing\"><span class=\"h-button__outer style-370-outer style-local-8-c20-outer d-inline-flex h-element\"><a h-use-smooth-scroll=\"true\" href=\"http:\/\/beindalsholt.is\/beindalsholt\/loc\/\"  data-colibri-id=\"8-c20\" class=\"d-flex w-100 align-items-center h-button justify-content-lg-center justify-content-md-center justify-content-center style-370 style-local-8-c20 position-relative\"><!----><!----> <span>read more<\/span><\/a>\n                    <\/span>\n                  <\/div>\n                <\/div>\n              <\/div>\n            <\/div>\n          <\/div>\n        <\/div>\n      <\/div>\n    <\/div>\n  <\/div>\n  <div data-colibri-component=\"section\" data-colibri-id=\"8-c21\" id=\"overlappable\" class=\"h-section h-section-global-spacing d-flex align-items-lg-center align-items-md-center align-items-center style-371 style-local-8-c21 position-relative\">\n    <!---->\n    <!---->\n    <div class=\"h-section-grid-container h-section-boxed-container\">\n      <!---->\n      <div data-colibri-id=\"8-c22\" class=\"h-row-container gutters-row-lg-0 gutters-row-md-0 gutters-row-2 gutters-row-v-lg-0 gutters-row-v-md-0 gutters-row-v-2 style-372 style-local-8-c22 position-relative\">\n        <!---->\n        <div class=\"h-row justify-content-lg-center justify-content-md-center justify-content-center align-items-lg-stretch align-items-md-stretch align-items-stretch gutters-col-lg-0 gutters-col-md-0 gutters-col-2 gutters-col-v-lg-0 gutters-col-v-md-0 gutters-col-v-2\">\n          <!---->\n          <div class=\"h-column h-column-container d-flex h-col-lg-4 h-col-md-4 h-col-12 style-373-outer style-local-8-c23-outer\">\n            <div data-colibri-id=\"8-c23\" class=\"d-flex h-flex-basis h-column__inner h-px-lg-3 h-px-md-3 h-px-2 v-inner-lg-3 v-inner-md-3 v-inner-2 style-373 style-local-8-c23 position-relative\">\n              <!---->\n              <!---->\n              <div class=\"w-100 h-y-container h-column__content h-column__v-align flex-basis-100 align-self-lg-start align-self-md-start align-self-start\">\n                <!---->\n                <div data-colibri-id=\"8-c24\" class=\"h-icon style-374 style-local-8-c24 position-relative h-element\">\n                  <!---->\n                  <a href=\"mailto:beindalsholt@beindalsholt.is\" target=\"_blank\" h-use-smooth-scroll=\"true\" rel=\"noopener\"><span class=\"h-svg-icon h-icon__icon style-374-icon style-local-8-c24-icon\"><!--Icon by Font Awesome (https:\/\/fontawesome.com)--><svg version=\"1.1\" xmlns=\"http:\/\/www.w3.org\/2000\/svg\" xmlns:xlink=\"http:\/\/www.w3.org\/1999\/xlink\" id=\"envelope-o\" viewBox=\"0 0 1792 1896.0833\"><path d=\"M1664 1504V736q-32 36-69 66-268 206-426 338-51 43-83 67t-86.5 48.5T897 1280h-2q-48 0-102.5-24.5T706 1207t-83-67q-158-132-426-338-37-30-69-66v768q0 13 9.5 22.5t22.5 9.5h1472q13 0 22.5-9.5t9.5-22.5zm0-1051v-24.5l-.5-13-3-12.5-5.5-9-9-7.5-14-2.5H160q-13 0-22.5 9.5T128 416q0 168 147 284 193 152 401 317 6 5 35 29.5t46 37.5 44.5 31.5T852 1143t43 9h2q20 0 43-9t50.5-27.5 44.5-31.5 46-37.5 35-29.5q208-165 401-317 54-43 100.5-115.5T1664 453zm128-37v1088q0 66-47 113t-113 47H160q-66 0-113-47T0 1504V416q0-66 47-113t113-47h1472q66 0 113 47t47 113z\"><\/path><\/svg><\/span><\/a>\n                <\/div>\n                <div data-colibri-id=\"8-c25\" class=\"h-global-transition-all h-heading style-375 style-local-8-c25 position-relative h-element\">\n                  <!---->\n                  <div class=\"h-heading__outer style-375 style-local-8-c25\">\n                    <!---->\n                    <!---->\n                    <h5 class=\"\">Mail us<\/h5>\n                  <\/div>\n                <\/div>\n                <div data-colibri-id=\"8-c26\" class=\"h-text h-text-component style-376 style-local-8-c26 position-relative h-element\">\n                  <!---->\n                  <!---->\n                  <div class=\"\">\n                    <p>If you have any questions or inquiries then feel free to mail us.<\/p>\n                  <\/div>\n                <\/div>\n              <\/div>\n            <\/div>\n          <\/div>\n          <div class=\"h-column h-column-container d-flex h-col-lg-4 h-col-md-4 h-col-12 style-373-outer style-local-8-c27-outer\">\n            <div data-colibri-id=\"8-c27\" class=\"d-flex h-flex-basis h-column__inner h-px-lg-3 h-px-md-3 h-px-2 v-inner-lg-3 v-inner-md-3 v-inner-2 style-373 style-local-8-c27 position-relative\">\n              <!---->\n              <!---->\n              <div class=\"w-100 h-y-container h-column__content h-column__v-align flex-basis-100 align-self-lg-start align-self-md-start align-self-start\">\n                <!---->\n                <div data-colibri-id=\"8-c28\" class=\"h-icon style-374 style-local-8-c28 position-relative h-element\">\n                  <!---->\n                  <a href=\"https:\/\/www.booking.com\/hotel\/is\/beindalsholt.html?aid=304142;label=gen173nr-1FCBcoggI46AdIM1gEaHCIAQGYATG4AQfIAQzYAQHoAQH4AQKIAgGoAgO4Aqjwxf4FwAIB0gIkZTAzN2EwOTMtNzRjNy00NmI4LWE4OTUtYTZhNWJmMDFkNjgy2AIF4AIB;sid=a14f1ca0b7c70cd67437d05120ebccc7;dest_id=-2646179;dest_type=city;dist=0;group_adults=2;group_children=0;hapos=1;hpos=1;no_rooms=1;room1=A%2CA;sb_price_type=total;sr_order=popularity;srepoch=1607563304;srpvid=e2110994bf9400bb;type=total;ucfs=1&amp;#hotelTmpl\" target=\"_blank\" h-use-smooth-scroll=\"true\" rel=\"noopener\"><span class=\"h-svg-icon h-icon__icon style-374-icon style-local-8-c28-icon\"><!--Icon by Socicon (http:\/\/www.socicon.com)--><svg version=\"1.1\" xmlns=\"http:\/\/www.w3.org\/2000\/svg\" viewBox=\"0 0 1500 1500\">\n\n<path d=\"M804 708c16.5-15 34.5-28.5 51-43.5 138-132 145.5-378 12-517.5-87-90-217.5-126-340.5-129-124.5 0-249 0-375 0-81-3-156 72-151.5 154.5 0 436.5 0 873 0 1309.5 180 0 360 0 538.5 0 154.5-3 322.5-60 412.5-193.5 82.5-121.5 90-289.5 25.5-420-36-73.5-100.5-124.5-172.5-160.5zM283.5 370.5c1.5-31.5 3-66 28.5-87 28.5-28.5 72-22.5 109.5-24 63 1.5 133.5-9 187.5 30 79.5 58.5 82.5 183 27 259.5-28.5 37.5-75 57-120 58.5-76.5 1.5-154.5 0-231 0-1.5-78-1.5-157.5-1.5-237zM700.5 1143c-28.5 54-90 87-151.5 88.5-88.5 1.5-177 0-265.5 0 0-96 0-192 0-288 1.5-33 6-72 36-90 37.5-24 82.5-15 124.5-16.5 73.5 0 156-6 217.5 45 73.5 61.5 82.5 178.5 39 261zM1498.5 1299c-4.5-100.5-115.5-178.5-211.5-148.5-79.5 19.5-135 102-123 183 7.5 88.5 96 159 184.5 148.5 88.5-6 160.5-94.5 150-183z\"><\/path>\n<\/svg>\n<\/span><\/a>\n                <\/div>\n                <div data-colibri-id=\"8-c29\" class=\"h-global-transition-all h-heading style-375 style-local-8-c29 position-relative h-element\">\n                  <!---->\n                  <div class=\"h-heading__outer style-375 style-local-8-c29\">\n                    <!---->\n                    <!---->\n                    <h5 class=\"\">book now!<\/h5>\n                  <\/div>\n                <\/div>\n                <div data-colibri-id=\"8-c30\" class=\"h-text h-text-component style-376 style-local-8-c30 position-relative h-element\">\n                  <!---->\n                  <!---->\n                  <div class=\"\"><\/div>\n                <\/div>\n              <\/div>\n            <\/div>\n          <\/div>\n          <div class=\"h-column h-column-container d-flex h-col-lg-4 h-col-md-4 h-col-12 style-373-outer style-local-8-c31-outer\">\n            <div data-colibri-id=\"8-c31\" class=\"d-flex h-flex-basis h-column__inner h-px-lg-3 h-px-md-3 h-px-2 v-inner-lg-3 v-inner-md-3 v-inner-2 style-373 style-local-8-c31 position-relative\">\n              <!---->\n              <!---->\n              <div class=\"w-100 h-y-container h-column__content h-column__v-align flex-basis-100 align-self-lg-start align-self-md-start align-self-start\">\n                <!---->\n                <div data-colibri-id=\"8-c32\" class=\"h-icon style-374 style-local-8-c32 position-relative h-element\">\n                  <!---->\n                  <a href=\"tel:+3546931773\" target=\"_blank\" h-use-smooth-scroll=\"true\" rel=\"noopener\"><span class=\"h-svg-icon h-icon__icon style-374-icon style-local-8-c32-icon\"><!--Icon by Font Awesome (https:\/\/fontawesome.com)--><svg version=\"1.1\" xmlns=\"http:\/\/www.w3.org\/2000\/svg\" xmlns:xlink=\"http:\/\/www.w3.org\/1999\/xlink\" id=\"phone\" viewBox=\"0 0 1408 1896.0833\"><path d=\"M1408 1240q0 27-10 70.5t-21 68.5q-21 50-122 106-94 51-186 51-27 0-53-3.5t-57.5-12.5-47-14.5T856 1485t-49-18q-98-35-175-83-127-79-264-216T152 904q-48-77-83-175-3-9-18-49t-20.5-55.5-14.5-47T3.5 520 0 467q0-92 51-186 56-101 106-122 25-11 68.5-21t70.5-10q14 0 21 3 18 6 53 76 11 19 30 54t35 63.5 31 53.5q3 4 17.5 25t21.5 35.5 7 28.5q0 20-28.5 50t-62 55-62 53-28.5 46q0 9 5 22.5t8.5 20.5 14 24 11.5 19q76 137 174 235t235 174q2 1 19 11.5t24 14 20.5 8.5 22.5 5q18 0 46-28.5t53-62 55-62 50-28.5q14 0 28.5 7t35.5 21.5 25 17.5q25 15 53.5 31t63.5 35 54 30q70 35 76 53 3 7 3 21z\"><\/path><\/svg><\/span><\/a>\n                <\/div>\n                <div data-colibri-id=\"8-c33\" class=\"h-global-transition-all h-heading style-375 style-local-8-c33 position-relative h-element\">\n                  <!---->\n                  <div class=\"h-heading__outer style-375 style-local-8-c33\">\n                    <!---->\n                    <!---->\n                    <h5 class=\"\">give us a call<\/h5>\n                  <\/div>\n                <\/div>\n                <div data-colibri-id=\"8-c34\" class=\"h-text h-text-component style-550 style-local-8-c34 position-relative h-element\">\n                  <!---->\n                  <!---->\n                  <div class=\"\">\n                    <p>&nbsp;+(354) 6931773 or +(354) 8971772<\/p>\n                  <\/div>\n                <\/div>\n              <\/div>\n            <\/div>\n          <\/div>\n        <\/div>\n      <\/div>\n    <\/div>\n  <\/div>\n<\/div>","protected":false},"excerpt":{"rendered":"<p>What do we offer? We offer cozy cottages with an amazing view. &nbsp;Our cottages include a small bathroom with a shower, a small&nbsp;&nbsp;kitchen and a patio. Each cottage has room for three to four people. The view is mesmerizing. read more Magnificent view in every direction! From the cottages you can see Hekla the volcano, [&hellip;]<\/p>\n","protected":false},"author":1,"featured_media":0,"parent":0,"menu_order":0,"comment_status":"closed","ping_status":"closed","template":"page-templates\/homepage.php","meta":{"ngg_post_thumbnail":0},"_links":{"self":[{"href":"https:\/\/beindalsholt.is\/beindalsholt\/wp-json\/wp\/v2\/pages\/8"}],"collection":[{"href":"https:\/\/beindalsholt.is\/beindalsholt\/wp-json\/wp\/v2\/pages"}],"about":[{"href":"https:\/\/beindalsholt.is\/beindalsholt\/wp-json\/wp\/v2\/types\/page"}],"author":[{"embeddable":true,"href":"https:\/\/beindalsholt.is\/beindalsholt\/wp-json\/wp\/v2\/users\/1"}],"replies":[{"embeddable":true,"href":"https:\/\/beindalsholt.is\/beindalsholt\/wp-json\/wp\/v2\/comments?post=8"}],"version-history":[{"count":20,"href":"https:\/\/beindalsholt.is\/beindalsholt\/wp-json\/wp\/v2\/pages\/8\/revisions"}],"predecessor-version":[{"id":1306,"href":"https:\/\/beindalsholt.is\/beindalsholt\/wp-json\/wp\/v2\/pages\/8\/revisions\/1306"}],"wp:attachment":[{"href":"https:\/\/beindalsholt.is\/beindalsholt\/wp-json\/wp\/v2\/media?parent=8"}],"curies":[{"name":"wp","href":"https:\/\/api.w.org\/{rel}","templated":true}]}}